{"id":101,"date":"2025-07-10T21:59:01","date_gmt":"2025-07-10T21:59:01","guid":{"rendered":"https:\/\/iseumdoslimitesdalua.com\/?page_id=101"},"modified":"2025-07-10T21:59:01","modified_gmt":"2025-07-10T21:59:01","slug":"fadas-da-peninsula-iberica","status":"publish","type":"page","link":"https:\/\/iseumdoslimitesdalua.com\/?page_id=101","title":{"rendered":"Fadas Ib\u00e9ricas"},"content":{"rendered":"\n<p><\/p>\n\n\n\n<div class=\"wp-block-group alignfull has-global-padding is-layout-constrained wp-container-core-group-is-layout-301020a0 wp-block-group-is-layout-constrained\" style=\"padding-top:var(--wp--preset--spacing--50);padding-right:var(--wp--preset--spacing--50);padding-bottom:var(--wp--preset--spacing--50);padding-left:var(--wp--preset--spacing--50)\">\n<div class=\"wp-block-columns alignwide is-layout-flex wp-container-core-columns-is-layout-08c01c1c wp-block-columns-is-layout-flex\">\n<div class=\"wp-block-column is-layout-flow wp-block-column-is-layout-flow\" style=\"flex-basis:33%\">\n<p class=\"has-heading-font-family has-large-font-size\" style=\"line-height:1.2\">A Sacerdos \u00e9 iniciada n\u00e3o s\u00f3 no servi\u00e7o de Nabia e Ataegina, mas tamb\u00e9m do servi\u00e7o aos Seres M\u00e1gicos da Pen\u00ednsula Ib\u00e9rica, a pr\u00e1tica fe\u00e9rica.<\/p>\n<\/div>\n\n\n\n<div class=\"wp-block-column is-layout-flow wp-container-core-column-is-layout-119bc444 wp-block-column-is-layout-flow\">\n<div class=\"wp-block-group is-nowrap is-layout-flex wp-container-core-group-is-layout-877c468d wp-block-group-is-layout-flex\">\n<div class=\"wp-block-group is-vertical is-content-justification-left is-nowrap is-layout-flex wp-container-core-group-is-layout-970da055 wp-block-group-is-layout-flex\">\n<p>Comunicamos com as Fadas e servimos de elo de comunica\u00e7\u00e3o entre elas e o nosso mundo. Como devotos do Liminal, respeitamos o v\u00e9u para o Outro Mundo e todos os seres que passam por ele. \u00c9 nossa miss\u00e3o identific\u00e1-los e trabalhar com eles. Aqui deixamos a nossa vis\u00e3o dos seres m\u00e1gicos ib\u00e9ricos e a sua rela\u00e7\u00e3o com o Iseum.\u00a0<\/p>\n<\/div>\n<\/div>\n<\/div>\n<\/div>\n<\/div>\n\n\n\n<div class=\"wp-block-group alignfull has-global-padding is-layout-constrained wp-container-core-group-is-layout-669513ed wp-block-group-is-layout-constrained\" style=\"margin-top:0;margin-bottom:0;padding-top:var(--wp--preset--spacing--50);padding-right:var(--wp--preset--spacing--50);padding-bottom:var(--wp--preset--spacing--50);padding-left:var(--wp--preset--spacing--50)\">\n<div style=\"height:var(--wp--preset--spacing--30)\" aria-hidden=\"true\" class=\"wp-block-spacer\"><\/div>\n\n\n\n<div class=\"wp-block-columns alignwide is-layout-flex wp-container-core-columns-is-layout-4935966c wp-block-columns-is-layout-flex\" style=\"padding-right:0;padding-left:0\">\n<div class=\"wp-block-column is-layout-flow wp-block-column-is-layout-flow\">\n<div class=\"wp-block-media-text is-stacked-on-mobile is-style-rounded\"><figure class=\"wp-block-media-text__media\"><img loading=\"lazy\" decoding=\"async\" width=\"2048\" height=\"1031\" src=\"https:\/\/iseumdoslimitesdalua.com\/wp-content\/uploads\/2025\/07\/IMG_2099.png\" alt=\"\" class=\"wp-image-128 size-full\" srcset=\"https:\/\/iseumdoslimitesdalua.com\/wp-content\/uploads\/2025\/07\/IMG_2099.png 2048w, https:\/\/iseumdoslimitesdalua.com\/wp-content\/uploads\/2025\/07\/IMG_2099-300x151.png 300w, https:\/\/iseumdoslimitesdalua.com\/wp-content\/uploads\/2025\/07\/IMG_2099-1024x516.png 1024w, https:\/\/iseumdoslimitesdalua.com\/wp-content\/uploads\/2025\/07\/IMG_2099-768x387.png 768w, https:\/\/iseumdoslimitesdalua.com\/wp-content\/uploads\/2025\/07\/IMG_2099-1536x773.png 1536w, https:\/\/iseumdoslimitesdalua.com\/wp-content\/uploads\/2025\/07\/IMG_2099-18x9.png 18w\" sizes=\"auto, (max-width: 2048px) 100vw, 2048px\" \/><\/figure><div class=\"wp-block-media-text__content\">\n<h2 class=\"wp-block-heading\"><strong><em>Ninfas<\/em><\/strong><\/h2>\n\n\n\n<p>Consideramos Ninfas todos os Seres M\u00e1gicos com associa\u00e7\u00f5es a \u00e1gua. Vemos estas Fadas como filhas de Nabia, criadas e protegidas por ela. A palavra Moiras, Janas ou Bruxas tamb\u00e9m pode ser utilizada como sin\u00f3nimo de Ninfas ou Fadas, mas aqui separamos estes seres sob caracter\u00edsticas diferentes. S\u00e3o tipicamente femininas, e trazem consigo hist\u00f3rias tanto de amor como de dor.&nbsp;<\/p>\n\n\n\n<p><strong>Moiras Encantadas<\/strong>: Figuras femininas que morrem de forma injusta, frequentemente com um amor ou felicidade perdida, que s\u00e3o permitidas permanecer neste mundo agarradas a uma pedra ou fonte. Podem ser libertas, e t\u00eam um grito e beleza distintos.<\/p>\n\n\n\n<p><strong>Janas, ou Moiras Fiadeiras<\/strong>: Donas do destino e da casa. S\u00e3o t\u00e3o misteriosas como espertas, podendo aparecer no lar, num riacho ou numa ribeira. Se forem oferecidas p\u00e3o\/bolo, leite e mel, poder\u00e3o oferecer um trabalho tecido por si, aben\u00e7oando o fad\u00e1rio da pessoa que o mant\u00e9m.&nbsp;<\/p>\n\n\n\n<p><strong>Bruxas ou Moiras Lavadeiras<\/strong>: Velhas que aparecem nas fontes e ribeiras, cobertas de sangue e envoltas em luzes. Batem com a roupa nas pedras, e podem pedir a quem as veja para as ajudar a lavar. Podem tomar a forma de patos ou gansos brancos.&nbsp;<\/p>\n\n\n\n<p><strong>Marinhas:<\/strong>&nbsp;Figuras femininas com pernas de peixes, p\u00e9s de cabra e l\u00f3bulos aumentados. S\u00e3o mudas, podendo ocasionalmente largar um grito inquietante. Podem viver entre humanos se forem raptadas, mas nunca muito tempo.&nbsp;<\/p>\n<\/div><\/div>\n\n\n\n<div class=\"wp-block-media-text is-stacked-on-mobile is-style-rounded\"><figure class=\"wp-block-media-text__media\"><img loading=\"lazy\" decoding=\"async\" width=\"1024\" height=\"516\" src=\"https:\/\/iseumdoslimitesdalua.com\/wp-content\/uploads\/2025\/07\/IMG_2100-1024x516.png\" alt=\"\" class=\"wp-image-129 size-full\" srcset=\"https:\/\/iseumdoslimitesdalua.com\/wp-content\/uploads\/2025\/07\/IMG_2100-1024x516.png 1024w, https:\/\/iseumdoslimitesdalua.com\/wp-content\/uploads\/2025\/07\/IMG_2100-300x151.png 300w, https:\/\/iseumdoslimitesdalua.com\/wp-content\/uploads\/2025\/07\/IMG_2100-768x387.png 768w, https:\/\/iseumdoslimitesdalua.com\/wp-content\/uploads\/2025\/07\/IMG_2100-1536x773.png 1536w, https:\/\/iseumdoslimitesdalua.com\/wp-content\/uploads\/2025\/07\/IMG_2100-18x9.png 18w, https:\/\/iseumdoslimitesdalua.com\/wp-content\/uploads\/2025\/07\/IMG_2100.png 2048w\" sizes=\"auto, (max-width: 1024px) 100vw, 1024px\" \/><\/figure><div class=\"wp-block-media-text__content\">\n<h2 class=\"wp-block-heading\"><strong><em>Traquinas<\/em><\/strong><\/h2>\n\n\n\n<p>Por falta de uma melhor palavra, consideramos Seres M\u00e1gicos traquinas todo o ser de estatura diminuta, frequentemente encontrado em casa e comparado a uma crian\u00e7a em hist\u00f3rias populares. Estes seres s\u00e3o prop\u00edcios a traquinices, algumas mais inofensivas, outras, mais perigosas &#8211; mas s\u00e3o tamb\u00e9m os mais suscet\u00edveis ao entendimento e comunica\u00e7\u00e3o mutua, sendo poss\u00edvel um contrato muito facilmente com estes Seres M\u00e1gicos.&nbsp;<\/p>\n\n\n\n<p><strong>Duendes<\/strong>: Seres do lar que podem tanto trazer o caos &#8211; ao partir pratos, colocar n\u00f3s no cabelo, roubar objetos &#8211; como ajudar quem vive com eles &#8211; lavar a loi\u00e7a, encontrar dinheiro, coser bot\u00f5es. S\u00e3o o ser mais f\u00e1cil de encontrar e o mais f\u00e1cil com que ter um contrato.&nbsp;<\/p>\n\n\n\n<p><strong>Trasgos<\/strong>: Fazem tudo o que um Duende pode fazer, mas \u00e9 muito mais propicio a destrui\u00e7\u00e3o. Pode causar tonturas e amplificar mau-olhado, bem como ser enviado para outra pessoa para a chatear. Podem ser oferecidos p\u00e3o, bolo ou cerveja para serem pacificados. Usam um barrete vermelho.&nbsp;<\/p>\n\n\n\n<p><strong>Diabretes\/Mafarricos<\/strong>: Seres traquinas que n\u00e3o podem ser pacificados, querendo sempre o caos e destrui\u00e7\u00e3o \u00e0 sua volta. Podem ser utilizados para chatear outra pessoa, tal como Trasgos, mas nunca podem dar ajuda dom\u00e9stica. S\u00e3o retratados como vers\u00f5es pequenas do &#8220;Diabo&#8221; crist\u00e3o.&nbsp;<\/p>\n<\/div><\/div>\n\n\n\n<div class=\"wp-block-media-text is-stacked-on-mobile is-style-rounded\"><figure class=\"wp-block-media-text__media\"><img loading=\"lazy\" decoding=\"async\" width=\"1024\" height=\"516\" src=\"https:\/\/iseumdoslimitesdalua.com\/wp-content\/uploads\/2025\/07\/IMG_2101-1024x516.png\" alt=\"\" class=\"wp-image-130 size-full\" srcset=\"https:\/\/iseumdoslimitesdalua.com\/wp-content\/uploads\/2025\/07\/IMG_2101-1024x516.png 1024w, https:\/\/iseumdoslimitesdalua.com\/wp-content\/uploads\/2025\/07\/IMG_2101-300x151.png 300w, https:\/\/iseumdoslimitesdalua.com\/wp-content\/uploads\/2025\/07\/IMG_2101-768x387.png 768w, https:\/\/iseumdoslimitesdalua.com\/wp-content\/uploads\/2025\/07\/IMG_2101-1536x773.png 1536w, https:\/\/iseumdoslimitesdalua.com\/wp-content\/uploads\/2025\/07\/IMG_2101-18x9.png 18w, https:\/\/iseumdoslimitesdalua.com\/wp-content\/uploads\/2025\/07\/IMG_2101.png 2048w\" sizes=\"auto, (max-width: 1024px) 100vw, 1024px\" \/><\/figure><div class=\"wp-block-media-text__content\">\n<h2 class=\"wp-block-heading\"><strong><strong><em>Can\u00eddeos<\/em><\/strong><\/strong><\/h2>\n\n\n\n<p>Apesar de tamb\u00e9m serem considerados maus agouros, colocamos estes Seres M\u00e1gicos na sua pr\u00f3pria sec\u00e7\u00e3o por serem lobos ou c\u00e3es, com hist\u00f3rias mais comuns e mais expansivas pela Pen\u00ednsula Ib\u00e9rica que os outros. Estes seres n\u00e3o come\u00e7am Seres m\u00e1gicos, mas sim tornam-se num por maldi\u00e7\u00e3o ou fad\u00e1rio. N\u00e3o s\u00e3o nem benevolentes, nem maldosos, agindo apenas de acordo com instintos animais.&nbsp;<\/p>\n\n\n\n<p><strong>Zorras<\/strong>: Raposas sinistras que gritam durante a noite, sinalizando uma morte pr\u00f3xima. Podem ser encontradas em matos, encruzilhadas ou \u00e0 beira da estrada.<\/p>\n\n\n\n<p><strong>Lobisomens<\/strong>: Figuras masculinas amaldi\u00e7oadas &#8211; muitas vezes por atos de infidelidade ou mau-estar. Devem correr loucamente todas as noites, e agem como um animal &#8211; lavam-se mal, comem e falam com a boca cheia, n\u00e3o respeitam as pessoas \u00e0 sua volta, tentam entrar em lutas desnecess\u00e1rias. Podem ser libertos da maldi\u00e7\u00e3o dependendo da origem da mesma.&nbsp;<\/p>\n\n\n\n<p><strong>Peeira de Lobos<\/strong>: Uma Fada que consegue controlar seres m\u00e1gicos can\u00eddeos, cuidando deles e comunicando com eles. Como os seres animalescos n\u00e3o t\u00eam no\u00e7\u00e3o para comunicar, deve ser chamada a sua Peeira de Lobos para qualquer entendimento. Pode tamb\u00e9m tomar a forma de um lobo e curar qualquer mal.&nbsp;<\/p>\n\n\n\n<p><strong>Corril\u00e1rios<\/strong>: A alma de um c\u00e3o ou lobisomem que morreu injustamente ou de forma violenta. Tem como fad\u00e1rio correr entre este e o Outro Mundo, e toma a forma de um c\u00e3o negro muito grande. Por vezes, pode ter bra\u00e7os de humano.\u00a0<\/p>\n<\/div><\/div>\n\n\n\n<div class=\"wp-block-media-text is-stacked-on-mobile is-style-rounded\"><figure class=\"wp-block-media-text__media\"><img loading=\"lazy\" decoding=\"async\" width=\"1024\" height=\"516\" src=\"https:\/\/iseumdoslimitesdalua.com\/wp-content\/uploads\/2025\/07\/IMG_2103-1024x516.png\" alt=\"\" class=\"wp-image-131 size-full\" srcset=\"https:\/\/iseumdoslimitesdalua.com\/wp-content\/uploads\/2025\/07\/IMG_2103-1024x516.png 1024w, https:\/\/iseumdoslimitesdalua.com\/wp-content\/uploads\/2025\/07\/IMG_2103-300x151.png 300w, https:\/\/iseumdoslimitesdalua.com\/wp-content\/uploads\/2025\/07\/IMG_2103-768x387.png 768w, https:\/\/iseumdoslimitesdalua.com\/wp-content\/uploads\/2025\/07\/IMG_2103-1536x773.png 1536w, https:\/\/iseumdoslimitesdalua.com\/wp-content\/uploads\/2025\/07\/IMG_2103-18x9.png 18w, https:\/\/iseumdoslimitesdalua.com\/wp-content\/uploads\/2025\/07\/IMG_2103.png 2048w\" sizes=\"auto, (max-width: 1024px) 100vw, 1024px\" \/><\/figure><div class=\"wp-block-media-text__content\">\n<h2 class=\"wp-block-heading\"><strong><strong><em>Almas Penadas<\/em><\/strong><\/strong><\/h2>\n\n\n\n<p>Estes s\u00e3o os Seres M\u00e1gicos que n\u00e3o queres ver numa noite fria. S\u00e3o os que mandam calafrios pela tua nuca, aqueles que trazem todos os desastres atr\u00e1s deles. Apesar de trazerem maus agouros, n\u00e3o quer dizer que n\u00e3o se possa comunicar com eles &#8211; mas quase sempre, a estrat\u00e9gia \u00e9 ignorar ou banir. Estes seres devem ser enviados de volta para o reino de Ataegina, para o Outro Mundo de onde vieram e onde pertencem.&nbsp;<\/p>\n\n\n\n<p><strong>Maria Gancha<\/strong>: Alma feminina presa num po\u00e7o com ganchos em vez de m\u00e3os. Arrasta para dentro quem se aproximar.&nbsp;<\/p>\n\n\n\n<p><strong>Olharapos<\/strong>: Gigantes com um \u00fanico olho, capazes de atos de viol\u00eancia brutal.&nbsp;<\/p>\n\n\n\n<p><strong>Puca:<\/strong>&nbsp;Alma que toma a forma de misturas de animais negros com olhos amarelos brilhantes. \u00c9 a morte encarnada em forma de fada.&nbsp;&nbsp;<\/p>\n\n\n\n<p><strong>Aventesmas<\/strong>: Almas penadas que se conseguem contorcer, encontradas em encruzilhadas. Se fizerem um arco com o corpo, deve-se atirar um sapato por cima desse arco.&nbsp;\u00a0<\/p>\n<\/div><\/div>\n\n\n\n<div class=\"wp-block-media-text is-stacked-on-mobile is-style-rounded\"><figure class=\"wp-block-media-text__media\"><img loading=\"lazy\" decoding=\"async\" width=\"1024\" height=\"516\" src=\"https:\/\/iseumdoslimitesdalua.com\/wp-content\/uploads\/2025\/07\/IMG_2104-1024x516.png\" alt=\"\" class=\"wp-image-132 size-full\" srcset=\"https:\/\/iseumdoslimitesdalua.com\/wp-content\/uploads\/2025\/07\/IMG_2104-1024x516.png 1024w, https:\/\/iseumdoslimitesdalua.com\/wp-content\/uploads\/2025\/07\/IMG_2104-300x151.png 300w, https:\/\/iseumdoslimitesdalua.com\/wp-content\/uploads\/2025\/07\/IMG_2104-768x387.png 768w, https:\/\/iseumdoslimitesdalua.com\/wp-content\/uploads\/2025\/07\/IMG_2104-1536x773.png 1536w, https:\/\/iseumdoslimitesdalua.com\/wp-content\/uploads\/2025\/07\/IMG_2104-18x9.png 18w, https:\/\/iseumdoslimitesdalua.com\/wp-content\/uploads\/2025\/07\/IMG_2104.png 2048w\" sizes=\"auto, (max-width: 1024px) 100vw, 1024px\" \/><\/figure><div class=\"wp-block-media-text__content\">\n<h2 class=\"wp-block-heading\"><strong><strong><em>Entidades<\/em><\/strong><\/strong><\/h2>\n\n\n\n<p>Estes s\u00e3o seres m\u00e1gicos que provavelmente t\u00eam origem em Divindades ou s\u00e3o representantes diretos delas. S\u00e3o fadas mais poderosas que as anteriores, podendo ser considerados poss\u00edvel Realeza F\u00e9erica. Se avistados, devem ser respeitados de longe.<\/p>\n\n\n\n<p><strong>Velha da \u00c9gua Branca<\/strong>: Uma bruxa s\u00e1bia que protege o Algarve nas noites de lua cheia. Usa um v\u00e9u branco com fitas vermelhas e cavalga numa \u00e9gua bela. \u00c9 a \u00fanica que afasta o Homem do Chap\u00e9u de Ferro. Possivelmente Icona.&nbsp;<\/p>\n\n\n\n<p><strong>Maria da Manta<\/strong>: Uma besta com chifres e fogo que aparece em rios, lagos e po\u00e7os. Quer isolamento, pois afoga quem se aproxima. Possivelmente Bandua.&nbsp;<\/p>\n\n\n\n<p><strong>Homem do Chap\u00e9u de Ferro<\/strong>: Um homem inquietante que surge debaixo de oliveiras, figueiras ou \u00e0 beira de estradas. \u00c9 acompanhado ou por um porco preto, ou por um grande veado, ou por um galo, todos barulhentos. \u00c9 canalizador da trovoada com o seu grande chap\u00e9u de ferro, e traz destrui\u00e7\u00e3o e morte a quem inquieta os seus animais. Teme a Velha da \u00c9gua Branca. Possivelmente Reve ou Quangeio.\u00a0<\/p>\n<\/div><\/div>\n<\/div>\n<\/div>\n<\/div>\n","protected":false},"excerpt":{"rendered":"<p>A Sacerdos \u00e9 iniciada n\u00e3o s\u00f3 no servi\u00e7o de Nabia e Ataegina, mas tamb\u00e9m do servi\u00e7o aos Seres M\u00e1gicos da Pen\u00ednsula Ib\u00e9rica, a pr\u00e1tica fe\u00e9rica. Comunicamos com as Fadas e servimos de elo de comunica\u00e7\u00e3o entre elas e o nosso mundo. Como devotos do Liminal, respeitamos o v\u00e9u para o Outro Mundo e todos os [&hellip;]<\/p>\n","protected":false},"author":1,"featured_media":0,"parent":0,"menu_order":0,"comment_status":"closed","ping_status":"closed","template":"","meta":{"footnotes":""},"class_list":["post-101","page","type-page","status-publish","hentry"],"yoast_head":"<!-- This site is optimized with the Yoast SEO plugin v25.6 - https:\/\/yoast.com\/wordpress\/plugins\/seo\/ -->\n<title>Fadas Ib\u00e9ricas - Iseum dos Limites da Lua<\/title>\n<meta name=\"robots\" content=\"index, follow, max-snippet:-1, max-image-preview:large, max-video-preview:-1\" \/>\n<link rel=\"canonical\" href=\"http:\/\/iseumdoslimitesdalua.com\/?page_id=101\" \/>\n<meta property=\"og:locale\" content=\"pt_PT\" \/>\n<meta property=\"og:type\" content=\"article\" \/>\n<meta property=\"og:title\" content=\"Fadas Ib\u00e9ricas - Iseum dos Limites da Lua\" \/>\n<meta property=\"og:description\" content=\"A Sacerdos \u00e9 iniciada n\u00e3o s\u00f3 no servi\u00e7o de Nabia e Ataegina, mas tamb\u00e9m do servi\u00e7o aos Seres M\u00e1gicos da Pen\u00ednsula Ib\u00e9rica, a pr\u00e1tica fe\u00e9rica. Comunicamos com as Fadas e servimos de elo de comunica\u00e7\u00e3o entre elas e o nosso mundo. Como devotos do Liminal, respeitamos o v\u00e9u para o Outro Mundo e todos os [&hellip;]\" \/>\n<meta property=\"og:url\" content=\"http:\/\/iseumdoslimitesdalua.com\/?page_id=101\" \/>\n<meta property=\"og:site_name\" content=\"Iseum dos Limites da Lua\" \/>\n<meta property=\"og:image\" content=\"https:\/\/iseumdoslimitesdalua.com\/wp-content\/uploads\/2025\/07\/IMG_2099.png\" \/>\n\t<meta property=\"og:image:width\" content=\"2048\" \/>\n\t<meta property=\"og:image:height\" content=\"1031\" \/>\n\t<meta property=\"og:image:type\" content=\"image\/png\" \/>\n<meta name=\"twitter:card\" content=\"summary_large_image\" \/>\n<meta name=\"twitter:label1\" content=\"Tempo estimado de leitura\" \/>\n\t<meta name=\"twitter:data1\" content=\"6 minutos\" \/>\n<script type=\"application\/ld+json\" class=\"yoast-schema-graph\">{\"@context\":\"https:\/\/schema.org\",\"@graph\":[{\"@type\":\"WebPage\",\"@id\":\"http:\/\/iseumdoslimitesdalua.com\/?page_id=101\",\"url\":\"http:\/\/iseumdoslimitesdalua.com\/?page_id=101\",\"name\":\"Fadas Ib\u00e9ricas - Iseum dos Limites da Lua\",\"isPartOf\":{\"@id\":\"http:\/\/iseumdoslimitesdalua.com\/#website\"},\"primaryImageOfPage\":{\"@id\":\"http:\/\/iseumdoslimitesdalua.com\/?page_id=101#primaryimage\"},\"image\":{\"@id\":\"http:\/\/iseumdoslimitesdalua.com\/?page_id=101#primaryimage\"},\"thumbnailUrl\":\"https:\/\/iseumdoslimitesdalua.com\/wp-content\/uploads\/2025\/07\/IMG_2099.png\",\"datePublished\":\"2025-07-10T21:59:01+00:00\",\"breadcrumb\":{\"@id\":\"http:\/\/iseumdoslimitesdalua.com\/?page_id=101#breadcrumb\"},\"inLanguage\":\"pt-PT\",\"potentialAction\":[{\"@type\":\"ReadAction\",\"target\":[\"http:\/\/iseumdoslimitesdalua.com\/?page_id=101\"]}]},{\"@type\":\"ImageObject\",\"inLanguage\":\"pt-PT\",\"@id\":\"http:\/\/iseumdoslimitesdalua.com\/?page_id=101#primaryimage\",\"url\":\"https:\/\/iseumdoslimitesdalua.com\/wp-content\/uploads\/2025\/07\/IMG_2099.png\",\"contentUrl\":\"https:\/\/iseumdoslimitesdalua.com\/wp-content\/uploads\/2025\/07\/IMG_2099.png\",\"width\":2048,\"height\":1031},{\"@type\":\"BreadcrumbList\",\"@id\":\"http:\/\/iseumdoslimitesdalua.com\/?page_id=101#breadcrumb\",\"itemListElement\":[{\"@type\":\"ListItem\",\"position\":1,\"name\":\"Home\",\"item\":\"http:\/\/iseumdoslimitesdalua.com\/\"},{\"@type\":\"ListItem\",\"position\":2,\"name\":\"Fadas Ib\u00e9ricas\"}]},{\"@type\":\"WebSite\",\"@id\":\"http:\/\/iseumdoslimitesdalua.com\/#website\",\"url\":\"http:\/\/iseumdoslimitesdalua.com\/\",\"name\":\"Iseum Dos Limites Da Lua\",\"description\":\"\",\"publisher\":{\"@id\":\"http:\/\/iseumdoslimitesdalua.com\/#organization\"},\"potentialAction\":[{\"@type\":\"SearchAction\",\"target\":{\"@type\":\"EntryPoint\",\"urlTemplate\":\"http:\/\/iseumdoslimitesdalua.com\/?s={search_term_string}\"},\"query-input\":{\"@type\":\"PropertyValueSpecification\",\"valueRequired\":true,\"valueName\":\"search_term_string\"}}],\"inLanguage\":\"pt-PT\"},{\"@type\":\"Organization\",\"@id\":\"http:\/\/iseumdoslimitesdalua.com\/#organization\",\"name\":\"Iseum Dos Limites Da Lua\",\"url\":\"http:\/\/iseumdoslimitesdalua.com\/\",\"logo\":{\"@type\":\"ImageObject\",\"inLanguage\":\"pt-PT\",\"@id\":\"http:\/\/iseumdoslimitesdalua.com\/#\/schema\/logo\/image\/\",\"url\":\"https:\/\/iseumdoslimitesdalua.com\/wp-content\/uploads\/2025\/12\/Untitled-design-5.png\",\"contentUrl\":\"https:\/\/iseumdoslimitesdalua.com\/wp-content\/uploads\/2025\/12\/Untitled-design-5.png\",\"width\":500,\"height\":500,\"caption\":\"Iseum Dos Limites Da Lua\"},\"image\":{\"@id\":\"http:\/\/iseumdoslimitesdalua.com\/#\/schema\/logo\/image\/\"}}]}<\/script>\n<!-- \/ Yoast SEO plugin. -->","yoast_head_json":{"title":"Fadas Ib\u00e9ricas - Iseum dos Limites da Lua","robots":{"index":"index","follow":"follow","max-snippet":"max-snippet:-1","max-image-preview":"max-image-preview:large","max-video-preview":"max-video-preview:-1"},"canonical":"http:\/\/iseumdoslimitesdalua.com\/?page_id=101","og_locale":"pt_PT","og_type":"article","og_title":"Fadas Ib\u00e9ricas - Iseum dos Limites da Lua","og_description":"A Sacerdos \u00e9 iniciada n\u00e3o s\u00f3 no servi\u00e7o de Nabia e Ataegina, mas tamb\u00e9m do servi\u00e7o aos Seres M\u00e1gicos da Pen\u00ednsula Ib\u00e9rica, a pr\u00e1tica fe\u00e9rica. Comunicamos com as Fadas e servimos de elo de comunica\u00e7\u00e3o entre elas e o nosso mundo. Como devotos do Liminal, respeitamos o v\u00e9u para o Outro Mundo e todos os [&hellip;]","og_url":"http:\/\/iseumdoslimitesdalua.com\/?page_id=101","og_site_name":"Iseum dos Limites da Lua","og_image":[{"width":2048,"height":1031,"url":"https:\/\/iseumdoslimitesdalua.com\/wp-content\/uploads\/2025\/07\/IMG_2099.png","type":"image\/png"}],"twitter_card":"summary_large_image","twitter_misc":{"Tempo estimado de leitura":"6 minutos"},"schema":{"@context":"https:\/\/schema.org","@graph":[{"@type":"WebPage","@id":"http:\/\/iseumdoslimitesdalua.com\/?page_id=101","url":"http:\/\/iseumdoslimitesdalua.com\/?page_id=101","name":"Fadas Ib\u00e9ricas - Iseum dos Limites da Lua","isPartOf":{"@id":"http:\/\/iseumdoslimitesdalua.com\/#website"},"primaryImageOfPage":{"@id":"http:\/\/iseumdoslimitesdalua.com\/?page_id=101#primaryimage"},"image":{"@id":"http:\/\/iseumdoslimitesdalua.com\/?page_id=101#primaryimage"},"thumbnailUrl":"https:\/\/iseumdoslimitesdalua.com\/wp-content\/uploads\/2025\/07\/IMG_2099.png","datePublished":"2025-07-10T21:59:01+00:00","breadcrumb":{"@id":"http:\/\/iseumdoslimitesdalua.com\/?page_id=101#breadcrumb"},"inLanguage":"pt-PT","potentialAction":[{"@type":"ReadAction","target":["http:\/\/iseumdoslimitesdalua.com\/?page_id=101"]}]},{"@type":"ImageObject","inLanguage":"pt-PT","@id":"http:\/\/iseumdoslimitesdalua.com\/?page_id=101#primaryimage","url":"https:\/\/iseumdoslimitesdalua.com\/wp-content\/uploads\/2025\/07\/IMG_2099.png","contentUrl":"https:\/\/iseumdoslimitesdalua.com\/wp-content\/uploads\/2025\/07\/IMG_2099.png","width":2048,"height":1031},{"@type":"BreadcrumbList","@id":"http:\/\/iseumdoslimitesdalua.com\/?page_id=101#breadcrumb","itemListElement":[{"@type":"ListItem","position":1,"name":"Home","item":"http:\/\/iseumdoslimitesdalua.com\/"},{"@type":"ListItem","position":2,"name":"Fadas Ib\u00e9ricas"}]},{"@type":"WebSite","@id":"http:\/\/iseumdoslimitesdalua.com\/#website","url":"http:\/\/iseumdoslimitesdalua.com\/","name":"Iseum Dos Limites Da Lua","description":"","publisher":{"@id":"http:\/\/iseumdoslimitesdalua.com\/#organization"},"potentialAction":[{"@type":"SearchAction","target":{"@type":"EntryPoint","urlTemplate":"http:\/\/iseumdoslimitesdalua.com\/?s={search_term_string}"},"query-input":{"@type":"PropertyValueSpecification","valueRequired":true,"valueName":"search_term_string"}}],"inLanguage":"pt-PT"},{"@type":"Organization","@id":"http:\/\/iseumdoslimitesdalua.com\/#organization","name":"Iseum Dos Limites Da Lua","url":"http:\/\/iseumdoslimitesdalua.com\/","logo":{"@type":"ImageObject","inLanguage":"pt-PT","@id":"http:\/\/iseumdoslimitesdalua.com\/#\/schema\/logo\/image\/","url":"https:\/\/iseumdoslimitesdalua.com\/wp-content\/uploads\/2025\/12\/Untitled-design-5.png","contentUrl":"https:\/\/iseumdoslimitesdalua.com\/wp-content\/uploads\/2025\/12\/Untitled-design-5.png","width":500,"height":500,"caption":"Iseum Dos Limites Da Lua"},"image":{"@id":"http:\/\/iseumdoslimitesdalua.com\/#\/schema\/logo\/image\/"}}]}},"_links":{"self":[{"href":"https:\/\/iseumdoslimitesdalua.com\/index.php?rest_route=\/wp\/v2\/pages\/101","targetHints":{"allow":["GET"]}}],"collection":[{"href":"https:\/\/iseumdoslimitesdalua.com\/index.php?rest_route=\/wp\/v2\/pages"}],"about":[{"href":"https:\/\/iseumdoslimitesdalua.com\/index.php?rest_route=\/wp\/v2\/types\/page"}],"author":[{"embeddable":true,"href":"https:\/\/iseumdoslimitesdalua.com\/index.php?rest_route=\/wp\/v2\/users\/1"}],"replies":[{"embeddable":true,"href":"https:\/\/iseumdoslimitesdalua.com\/index.php?rest_route=%2Fwp%2Fv2%2Fcomments&post=101"}],"version-history":[{"count":3,"href":"https:\/\/iseumdoslimitesdalua.com\/index.php?rest_route=\/wp\/v2\/pages\/101\/revisions"}],"predecessor-version":[{"id":133,"href":"https:\/\/iseumdoslimitesdalua.com\/index.php?rest_route=\/wp\/v2\/pages\/101\/revisions\/133"}],"wp:attachment":[{"href":"https:\/\/iseumdoslimitesdalua.com\/index.php?rest_route=%2Fwp%2Fv2%2Fmedia&parent=101"}],"curies":[{"name":"wp","href":"https:\/\/api.w.org\/{rel}","templated":true}]}}